ed by 41 - (-3)/(5/(-5))?
37
Let x = 27 - -9. Suppose 5*r = -5 - 0. Let i(f) = -20*f**3 - f**2. What is the remainder when x is divided by i(r)?
17
Suppose -i = 2*x - 0 - 8, -5*i + 3*x = -14. Suppose 2*m = -k + 47, 0 = i*k + 6 - 18. What is the remainder when m is divided by 8?
6
Let y = -8 - -12. What is the remainder when 4/(-10) + (-72)/(-5) is divided by y?
2
Suppose a - 11 + 3 = 0. What is the remainder when 14 is divided by a?
6
Suppose 14*f - 132 = 12*f. Suppose -69 = -4*t - g, 10*t + 5*g = 5*t + 90. What is the remainder when f is divided by t?
15
Suppose d + 3*m + 6 = -4*d, 0 = 5*d + 4*m + 8. Suppose -27 = -j - d. Calculate the remainder when j is divided by 14.
13
Suppose -3*o + 63 = 3*x, 4*x - 4*o + 2*o - 114 = 0. Suppose -4*l - 10 = -46. What is the remainder when x is divided by l?
8
Let l(j) = j**3 - 3*j**3 - 5*j**2 - 5*j + j + 2*j + 3. Calculate the remainder when l(-3) is divided by 10.
8
Let o(c) = -4*c - 24. Suppose -8 = -2*f - 0*f, 4*t - 5*f - 36 = 0. Calculate the remainder when t is divided by o(-8).
6
Let y(t) = 25*t. What is the remainder when y(1) is divided by (-10 + 14)*14/4?
11
Suppose -80 - 37 = -13*u. Calculate the remainder when 70 is divided by u.
7
Let u be 2 - (-3 - -1) - 0. Suppose u*o - 19 + 0 = -c, -5*o = 5*c - 50. Calculate the remainder when 25 is divided by c.
4
Let f be ((-4)/5)/(1/5). Let r = -2 - f. Suppose 34 = 3*y + r*k - 4*k, 3*y + 2*k = 26. What is the remainder when 28 is divided by y?
8
Suppose 0 = -0*v + 3*v + 12. Let z be (-8)/(-5)*(-10)/v. Suppose 0 = z*i + 14 - 42. What is the remainder when 12 is divided by i?
5
Let o(n) = 5*n**2 + 3*n + 2. Calculate the remainder when 16 is divided by o(-1).
0
Suppose -3*i + 12 + 3 = 0. Let s be -2*(2 + 0)/(-2). Suppose -3*f - 40 = -s*j - 6*f, 0 = j + 2*f - 22. Calculate the remainder when j is divided by i.
4
Let s(w) be the first derivative of -w**2/2 + 15*w + 5. Let j be 0/(0 + 1 + -2). Calculate the remainder when 44 is divided by s(j).
14
Let q be ((-2)/5)/((-5)/25). Suppose -q*i = -39 - 25. Let p = -13 + i. What is the remainder when p is divided by 7?
5
Suppose -3*j = -y + 15, -4*y = j + j + 10. Suppose y = -3*z + 2*b - 67, -z - 13 = -0*b + 4*b. Let c = z + 31. Calculate the remainder when 18 is divided by c.
8
Let d be ((-72)/14)/(3/(-14)). Suppose n + n = d. Suppose -2*z - 91 = -3*l + 3*z, 3*z = -15. Calculate the remainder when l is divided by n.
10
Let h(z) = 3*z - 9. What is the remainder when h(8) is divided by 2?
1
Let j(i) = 17*i**2 + 2*i + 3. Let v be j(-3). Suppose 2*u = -3*u + v. Let o = u - 17. Calculate the remainder when 37 is divided by o.
11
Suppose -3*t + 334 - 112 = 0. What is the remainder when t is divided by 19?
17
Let o be -1 + 3 + 206 + -2. Suppose -o = -5*a + 44. What is the remainder when a is divided by 13?
11
Let l(a) = -a**3 + 6*a**2 - 5*a - 3. Let x be (-2)/(-10) - 336/(-70). Suppose -x*c + 33 = -137. Calculate the remainder when c is divided by l(4).
7
Let p(y) = y**2 - 6*y + 10. Suppose 0 = -0*u + 2*u - 66. Calculate the remainder when u is divided by p(7).
16
Let i(l) = l**3 + 4*l**2 - 6*l + 1. What is the remainder when 11 is divided by i(-5)?
5
Let u(k) = k**2 - k + 17. Suppose -3*v - 5 - 1 = 0, -4*s + v = 58. What is the remainder when u(0) is divided by s/6*(-2)/1?
2
Let w be 9/2*(-8)/(-12). Suppose j = -2 + w. Calculate the remainder when 1 is divided by j.
0
Let x(u) = u**2 - 8*u + 3. Calculate the remainder when x(9) is divided by 7.
5
Let i(w) = w**2 - 7*w - 5. Let p = 0 + 0. Suppose 15 = 3*z - p. What is the remainder when z is divided by i(8)?
2
Suppose 45 = -8*z + 13*z. Suppose -4*s + 30 = -2*s. What is the remainder when s is divided by z?
6
Suppose 3*t - s + 10 = 0, -4*s = -2*t - 13 + 3. Let l = 22 - t. Let n = l + -12. What is the remainder when 25 is divided by n?
12
Let v(z) = 3*z**2 + 5*z + 1. What is the remainder when v(-4) is divided by 11?
7
Suppose -2*w = 7*w - 234. Let t = -3 - -10. What is the remainder when w is divided by t?
5
Suppose -75 = -3*y + 3*s, y = -4*s + 2*s + 28. What is the remainder when y is divided by 9?
8
Suppose 3 + 3 = 2*t. Suppose -h = -2*k + 56, -12 - 44 = -2*k - t*h. Calculate the remainder when k is divided by 10.
8
Suppose 0 = 7*d - 2*d - 10. Let l = -6 + 8. What is the remainder when d is divided by l?
0
Suppose 3*y + 0*y - 3*s - 48 = 0, -37 = -4*y - 5*s. What is the remainder when (3 - 2)*(4 - -34) is divided by y?
12
Let i(n) = -n**2 - n + 32. Calculate the remainder when 127 is divided by i(0).
31
Let k = 4 - -2. Let y be ((2 - k) + -1)*-1. Suppose -y*w - 50 = -5*n, -4*n + 2*n = 3*w. Calculate the remainder when 10 is divided by n.
4
Let s = 78 - 16. What is the remainder when s is divided by 13?
10
Suppose 0 = 4*z - 79 - 5. Calculate the remainder when z is divided by 14.
7
What is the remainder when 6/14 - (-736)/161 is divided by 3?
2
Suppose -4*w + 4*c + 36 = 0, 6*c - 30 = -2*w + 2*c. What is the remainder when 31 is divided by w?
9
Let d be (-3)/(-12) + (-22)/(-8). Suppose -d*b = 5 - 14. Calculate the remainder when 15 is divided by b.
0
Suppose 12 = -3*o + 42. Suppose 0 = -0*k - 3*k - 24. Let r = 10 - k. Calculate the remainder when r is divided by o.
8
Let c(f) = 5*f - 12. Calculate the remainder when c(10) is divided by 7.
3
Suppose 4*v = 24 + 4. Calculate the remainder when (-477)/(-108)*6 - (-1)/2 is divided by v.
6
Let y(l) = 2*l**2 - 5*l + 3. Let n be y(3). Suppose 2*s = -2*w + n, 2*w + s - 12 = -4*s. What is the remainder when w is divided by 1?
0
Suppose 2*g - 7 = 5. Let q(y) = 2*y - 1. Let i be q(2). Suppose -i*b + 51 = -0*b. Calculate the remainder when b is divided by g.
5
Let y(c) = c**2 - 3. Let i be ((-12)/(-9))/((-4)/(-66)). What is the remainder when y(3) is divided by (-2)/(-6) + i/6?
2
Let v = 5 - -2. Suppose 5*u + z - 19 = 0, 3*z - 2*z = 4. Calculate the remainder when v is divided by u.
1
Suppose 0*r - 3*r - 21 = 0. Calculate the remainder when (-2 - -1 - r) + 0 is divided by 2.
0
Let h = 43 - 23. Calculate the remainder when h is divided by 12.
8
Calculate the remainder when (286/39)/(1/6) is divided by 23.
21
Suppose -q = -5*h, 1 = -5*h + 6. Let n = 65 - 52. Calculate the remainder when n is divided by q.
3
Let r = 3 - 3. Suppose r = -a - 0*a + 32. Let m(u) = 5*u + 2. What is the remainder when a is divided by m(3)?
15
Let k = 98 - 41. What is the remainder when k is divided by 15?
12
Suppose -4*z + 8 = -16. Let a = z + -4. Suppose 0 = -5*n + a*b + 22, n - b - 14 = -2*n. What is the remainder when 17 is divided by n?
5
Suppose 0 = h + 33 - 5. Let t = h - -59. What is the remainder when 123 is divided by t?
30
Let y = -37 + -3. Suppose -q = -0*q + 5. Let o = q - y. Calculate the remainder when o is divided by 12.
11
Let y(k) = k**3 + 5*k**2 - 4*k + 1. Calculate the remainder when y(-5) is divided by 6.
3
Let z(d) = d. Let w(q) = -q + 1. Let i(k) = -w(k) + z(k). Let t be i(2). Suppose 0*j - t*j = -18. What is the remainder when 21 is divided by j?
3
Let d be 1/5 - 2392/(-40). Let u = 3 - -1. Suppose -j = u*j - d. Calculate the remainder when 34 is divided by j.
10
Let n(y) = -6*y**2 - 8*y - 1. Let h be n(8). Let s(g) = -15*g - 1. Calculate the remainder when (-2)/(-11) - h/11 is divided by s(-1).
13
Let v be (-6)/(-9) + 49/3. Let h = -9 + v. What is the remainder when 14 is divided by h?
6
Let z = 9 + -4. Suppose 3*h = 37 + 158. Suppose -25 = 5*k - h. Calculate the remainder when k is divided by z.
3
Let a be (-931)/(-21) - 4/(-6). Let h(u) = -u + 13. Let m be h(9). Suppose -a = -m*i + 63. Calculate the remainder when i is divided by 7.
6
Let p = 88 + -61. Let w(o) = 2*o**3 - 2*o**2 + 2*o - 1. Let l be w(1). What is the remainder when 26 is divided by p/l*(-2)/(-6)?
8
Suppose -3*p - p - 4*n = -48, 2*n = 8. Calculate the remainder when 14 is divided by p.
6
What is the remainder when (-3)/(-15) - 236/(-20) is divided by 5?
2
Let c = -29 + 46. Let g(p) = -p**3 + 7*p**2 + 10*p - 10. What is the remainder when c is divided by g(8)?
5
What is the remainder when (-77)/(-2*1/2) is divided by 40?
37
Suppose -2*j = -3*u + 89, 2*j = 2*u + 5*j - 42. What is the remainder when u is divided by -4*(18/(-4) - -1)?
13
Let i = -40 + 152. Calculate the remainder when i is divided by 57.
55
Let l = 9 - -12. Calculate the remainder when l is divided by 6.
3